4509?
3, 167
What are the prime factors of 36394?
2, 31, 587
What are the prime factors of 5908?
2, 7, 211
List the prime factors of 49107.
3, 16369
List the prime factors of 901.
17, 53
List the prime factors of 2826.
2, 3, 157
What are the prime factors of 475?
5, 19
What are the prime factors of 474?
2, 3, 79
What are the prime factors of 12185?
5, 2437
What are the prime factors of 344?
2, 43
What are the prime factors of 348?
2, 3, 29
What are the prime factors of 117?
3, 13
What are the prime factors of 23137?
17, 1361
What are the prime factors of 5291?
11, 13, 37
What are the prime factors of 3367?
7, 13, 37
What are the prime factors of 29678?
2, 11, 19, 71
What are the prime factors of 3616?
2, 113
What are the prime factors of 36983?
31, 1193
What are the prime factors of 4078?
2, 2039
What are the prime factors of 165654?
2, 3, 9203
What are the prime factors of 24919?
24919
What are the prime factors of 266?
2, 7, 19
What are the prime factors of 1254?
2, 3, 11, 19
List the prime factors of 159.
3, 53
What are the prime factors of 3271?
3271
List the prime factors of 4781.
7, 683
What are the prime factors of 493?
17, 29
What are the prime factors of 2004?
2, 3, 167
What are the prime factors of 2808?
2, 3, 13
What are the prime factors of 28833?
3, 7, 1373
What are the prime factors of 7019?
7019
List the prime factors of 1697.
1697
List the prime factors of 2301.
3, 13, 59
List the prime factors of 14774.
2, 83, 89
List the prime factors of 1694.
2, 7, 11
What are the prime factors of 78816?
2, 3, 821
What are the prime factors of 682?
2, 11, 31
List the prime factors of 67058.
2, 33529
What are the prime factors of 6262?
2, 31, 101
List the prime factors of 4865.
5, 7, 139
List the prime factors of 20722.
2, 13, 797
List the prime factors of 1960.
2, 5, 7
List the prime factors of 1158.
2, 3, 193
List the prime factors of 3088.
2, 193
List the prime factors of 1364.
2, 11, 31
What are the prime factors of 5741?
5741
What are the prime factors of 5701?
5701
What are the prime factors of 3964?
2, 991
List the prime factors of 11483.
11483
What are the prime factors of 4683?
3, 7, 223
What are the prime factors of 236?
2, 59
What are the prime factors of 23202?
2, 3, 1289
List the prime factors of 46261.
46261
List the prime factors of 50771.
7, 7253
List the prime factors of 12397.
7, 11, 23
What are the prime factors of 26667?
3, 2963
What are the prime factors of 2566?
2, 1283
List the prime factors of 181.
181
List the prime factors of 55268.
2, 41, 337
What are the prime factors of 21767?
21767
List the prime factors of 10857.
3, 7, 11, 47
List the prime factors of 11367.
3, 421
What are the prime factors of 30813?
3, 10271
List the prime factors of 29598.
2, 3, 4933
What are the prime factors of 4697?
7, 11, 61
List the prime factors of 2064.
2, 3, 43
What are the prime factors of 581?
7, 83
What are the prime factors of 14953?
19, 787
What are the prime factors of 326?
2, 163
What are the prime factors of 1169?
7, 167
List the prime factors of 49269.
3, 11, 1493
What are the prime factors of 459?
3, 17
List the prime factors of 11774.
2, 7, 29
List the prime factors of 281.
281
List the prime factors of 3809.
13, 293
What are the prime factors of 3022?
2, 1511
List the prime factors of 1754.
2, 877
What are the prime factors of 1995?
3, 5, 7, 19
List the prime factors of 18305.
5, 7, 523
List the prime factors of 903.
3, 7, 43
What are the prime factors of 329?
7, 47
What are the prime factors of 6252?
2, 3, 521
What are the prime factors of 35?
5, 7
List the prime factors of 7238.
2, 7, 11, 47
What are the prime factors of 6102?
2, 3, 113
What are the prime factors of 673?
673
What are the prime factors of 1557?
3, 173
What are the prime factors of 2787?
3, 929
What are the prime factors of 40863?
3, 53, 257
What are the prime factors of 194605?
5, 38921
What are the prime factors of 13883?
13883
What are the prime factors of 29572?
2, 7393
List the prime factors of 94435.
5, 11, 17, 101
List the prime factors of 3130.
2, 5, 313
List the prime factors of 68141.
68141
List the prime factors of 1428.
2, 3, 7, 17
What are the prime factors of 11719?
11719
What are the prime factors of 31185?
3, 5, 7, 11
List the prime factors of 1300.
2, 5, 13
List the prime factors of 5354.
2, 2677
What are the prime factors of 1550?
2, 5, 31
What are the prime factors of 13089?
3, 4363
What are the prime factors of 1410?
2, 3, 5, 47
What are the prime factors of 700?
2, 5, 7
List the prime factors of 37384.
2, 4673
List the prime factors of 300.
2, 3, 5
What are the prime factors of 1209?
3, 13, 31
List the prime factors of 3133.
13, 241
List the prime factors of 24028.
2, 6007
What are the prime factors of 6876?
2, 3, 191
What are the prime factors of 1205?
5, 241
List the prime factors of 646.
2, 17, 19
What are the prime factors of 1997?
1997
What are the prime factors of 12054?
2, 3, 7, 41
List the prime factors of 3339.
3, 7, 53
What are the prime factors of 6914?
2, 3457
List the prime factors of 38265.
3, 5, 2551
What are the prime factors of 554?
2, 277
What are the prime factors of 110719?
7, 15817
What are the prime factors of 8620?
2, 5, 431
What are the prime factors of 3265?
5, 653
List the prime factors of 6133.
6133
List the prime factors of 1260.
2, 3, 5, 7
What are the prime factors of 2251?
2251
List the prime factors of 84030.
2, 3, 5, 2801
List the prime factors of 2239.
2239
List the prime factors of 138850.
2, 5, 2777
What are the prime factors of 7549?
7549
What are the prime factors of 432?
2, 3
What are the prime factors of 1704?
2, 3, 71
What are the prime factors of 311?
311
What are the prime factors of 1172?
2, 293
List the prime factors of 35043.
3, 11681
What are the prime factors of 4522?
2, 7, 17, 19
What are the prime factors of 25041?
3, 17, 491
List the prime factors of 9154.
2, 23, 199
What are the prime factors of 9013?
9013
List the prime factors of 6226.
2, 11, 283
List the prime factors of 15559.
15559
List the prime factors of 10351.
11, 941
What are the prime factors of 7203?
3, 7
What are the prime factors of 2230?
2, 5, 223
What are the prime factors of 11172?
2, 3, 7, 19
List the prime factors of 1223.
1223
What are the prime factors of 2903?
2903
What are the prime factors of 6601?
7, 23, 41
What are the prime factors of 373?
373
What are the prime factors of 4857?
3, 1619
List the prime factors of 8376.
2, 3, 349
What are the prime factors of 3398?
2, 1699
List the prime factors of 576.
2, 3
List the prime factors of 55738.
2, 29, 31
What are the prime factors of 3997?
7, 571
What are the prime factors of 1699?
1699
List the prime factors of 2027.
2027
List the prime factors of 84433.
23, 3671
List the prime factors of 71369.
23, 29, 107
What are the prime factors of 24344?
2, 17, 179
What are the prime factors of 49941?
3, 31, 179
What are the prime factors of 549?
3, 61
List the prime factors of 4182.
2, 3, 17, 41
What are the prime factors of 1208?
2, 151
List the prime factors of 901.
17, 53
What are the prime factors of 32648?
2, 7, 11, 53
List the prime factors of 118009.
19, 6211
What are the prime factors of 20903?
20903
List the prime factors of 6171.
3, 11, 17
List the prime factors of 500.
2, 5
List the prime factors of 116723.
151, 773
List the prime factors of 14.
2, 7
What are the prime factors of 19828?
2, 4957
What are the prime factors of 6225?
3, 5, 83
List the prime factors of 3436.
2, 859
List the prime factors of 12386.
2, 11, 563
List the prime factors of 1256.
2, 157
List the prime factors of 35737.
13, 2749
List the prime factors of 3369.
3, 1123
What are the prime factors of 1663?
1663
List the prime factors of 779.
19, 41
List the prime factors of 3783.
3, 13, 97
What are the prime factors of 1092?
2, 3, 7, 13
What are the prime factors of 6124?
2, 1531
What are the prime factors of 13176?
2, 3, 61
What are the prime factors of 751?
751
What are the prime factors of 16962?
2, 3, 11, 257
What are the prime factors of 37116?
2, 3, 1031
List the prime factors of 38.
2, 19
List the prime factors of 27388.
2, 41, 167
List the prime factors of 129426.
2, 3, 11, 37, 53
What are the prime factors of 6863?
6863
List the prime factors of 37717.
37717
List the prime factors